 -15*q - 1. Let g = 5 + 1. Let j(l) = l. Let h(t) = g*j(t) + s(t). What are the prime factors of h(-2)?
17
Suppose 12*f + 8*f = -2*f. Suppose 4*q + 12 = 0, f = c + q - 135 - 193. List the prime factors of c.
331
Let z(g) = 40*g - 34. What are the prime factors of z(6)?
2, 103
Let o = 31 + -13. Suppose 17 = 2*g - 3*j, -3*g + j + o = -j. Suppose -g*i - 13 = -c + 11, -4*c = -5*i - 74. What are the prime factors of c?
2
Suppose n = -y - 5 + 15, 5*n - 2*y - 57 = 0. Let a(d) = 4*d**2 - d + 1. Let v be a(-3). List the prime factors of v + 0 + n + -8.
43
Let y be (105/(-9))/((-1)/(-3)). Let v be (-8)/(-5) + (-14)/y. Suppose v*u = 2*r + 134, -5*u - 3*r = -0*r - 343. What are the prime factors of u?
2, 17
Suppose 9*i - 10*i + 18 = 0. Suppose 0 = -4*n + i - 2. Suppose 2*h - 2 = f - n, 2*f + 5*h - 4 = 0. List the prime factors of f.
2
Let g(x) = -11*x - 59. Let y be g(-5). List the prime factors of 28/y*600/(-35).
2, 3, 5
Let z = 3507 + -2467. Suppose -6*s = 2*s - z. What are the prime factors of s?
2, 5, 13
Let k be 1/(-2)*(1 + -4 - -3). Suppose k = 3*d + 2*d - 95. What are the prime factors of d?
19
Let i be 1 - (-1 + 0) - 2. Suppose 5*v = -4*a - i*a + 272, -v + 58 = -a. List the prime factors of v.
2, 7
Suppose -51*j + 36690 = -41*j. List the prime factors of j.
3, 1223
Let v(p) = 7*p**2 - 5*p - 79. List the prime factors of v(11).
23, 31
Suppose -8*u + 1485 = -1051. List the prime factors of u.
317
Suppose 5*x + 10 = 0, 0 = -3*t + 4*x - 0*x + 4667. List the prime factors of t.
1553
Suppose 19*a = 18*a + 8. Suppose 0*c + 4*c - a = 0. Suppose -3*m = -4*m + 2*d + 8, -m = c*d - 16. List the prime factors of m.
2, 3
Suppose 19*q - 20*q = 10. Let a be (-534)/q + 24/(-60). Suppose -2*v + a = -47. List the prime factors of v.
2, 5
Let l be (-225)/(-36) + (-6)/(-8). Suppose 0 = 3*y - l - 2. Suppose -y*q = 2*q - 125. What are the prime factors of q?
5
Let d be 8 + 1 + -7 + 2. Suppose -d*p = -4*j + 596, -3*j + 6*j - 4*p = 449. Let o = j - 98. List the prime factors of o.
7
What are the prime factors of -596*(225/36 - 7)?
3, 149
Let o = -68 + 68. Suppose 6*f - 11*f + 60 = o. What are the prime factors of f?
2, 3
Let y = -996 + 3120. List the prime factors of y.
2, 3, 59
Let j = -1061 + 1752. What are the prime factors of j?
691
Let t(w) = -w**3 + 9*w**2 - w - 23. Let k be t(8). Suppose -u + 5*z - 4 = 0, 2*z + 50 = -2*u - 2*z. Let d = u + k. What are the prime factors of d?
2, 7
Let k = -5 + 13. Suppose -3*d = 4 + k, -3*d - 128 = -4*w. What are the prime factors of w?
29
Let v = 31 + -29. Let n(u) = 2*u**3 + 5 - 89*u - 2*u**v + 82*u + u**2 - u**3. What are the prime factors of n(4)?
5
Let f = 882 + -400. What are the prime factors of f?
2, 241
Let b = 1360 + -897. What are the prime factors of b?
463
Let u(a) = 2*a**2 + 11*a + 6. Let f be u(-7). Suppose 3*l - f = 4*l. Let n = l + 47. What are the prime factors of n?
2, 5
What are the prime factors of ((-9)/54)/(1/(-2634))?
439
Let p = 1 - 1. Suppose -o + 65 = 3*l + o, p = 5*l - o - 104. Suppose 2*r - l + 1 = 0. List the prime factors of r.
2, 5
Let l = 234 - 90. Suppose -w - l = -4*w. Suppose -3*n + w = -9. What are the prime factors of n?
19
Let c = 5 - 4. Let n(v) = 42*v**2 + 1. Let d be n(c). Suppose -5*t + 47 = -d. List the prime factors of t.
2, 3
Let f(j) = -j**2 - 5*j - 2. Let y be f(-4). Suppose y*k + 25 + 9 = 0. Let l = -13 - k. What are the prime factors of l?
2
Suppose 7 + 17 = p. Suppose p - 357 = -3*j. List the prime factors of j.
3, 37
Suppose 6*h = -3*h - 36. Let l(w) = w**2 - 6*w + 3. Let s be l(6). List the prime factors of 183/s*(h - -5).
61
Let r = 1069 + -489. What are the prime factors of r?
2, 5, 29
Let w be -231*((-48)/18 - -1). Let x = -189 + w. List the prime factors of x.
2, 7
Let a = 1175 + -839. List the prime factors of a.
2, 3, 7
Let c be 0 + 0 + (-77)/11. Let i(h) = 2*h + 2 - 4*h - 14 - 2*h. What are the prime factors of i(c)?
2
Let s(n) = -21*n - 12. Suppose h + 2 = -c, 6*h - 3*h = c + 18. List the prime factors of s(c).
2, 3, 19
Let p(a) = 2*a**3 - 14*a**2 - 11*a + 27. List the prime factors of p(11).
2, 19, 23
Let a be 663 - (1 + -5 + 4). Suppose -10 + 30 = -4*c, 3*c = -3*o + a. List the prime factors of o.
2, 113
Let h(t) = -t - 12. Let p be h(-8). Let f(z) = -3*z**3 - 5*z**2 + 3*z - 2. What are the prime factors of f(p)?
2, 7
Let v(b) = 1231*b**2 + 15*b - 15. List the prime factors of v(1).
1231
Suppose -2*h + 13321 = 9*h. What are the prime factors of h?
7, 173
Suppose 5*r - 3*p - 1426 = 1892, -4*p = 3*r - 1985. List the prime factors of r.
3, 13, 17
Let h(q) = q**2 - 17*q + 51. Let w be h(23). Let f = -120 + w. What are the prime factors of f?
3, 23
Let d(u) = 12 - 49*u - 23*u - 2*u. List the prime factors of d(-2).
2, 5
Let w = -91 + 95. Suppose -8*i - 3*r + 899 = -w*i, -675 = -3*i - 3*r. What are the prime factors of i?
2, 7
Let l(c) = c**2 + 3*c - 6. Let x be l(-5). Suppose -3*g + 2*a = -615, -x*g + 5*a + 254 = -573. What are the prime factors of g?
7, 29
Suppose 0 = 3*g + 5*q - 3944, -15*g - q - 5297 = -19*g. Suppose 0 = 2*i + 1 + 11. What are the prime factors of (2/i)/((-21)/g)?
3, 7
Suppose 0 = -5*d + 25, -j - 3*j + 2*d + 6 = 0. Suppose -i + 7 = -j. Suppose i*k - 6*k - 160 = 0. List the prime factors of k.
2
Suppose -2*f + 371 = -s, -s + 4*f - 304 - 73 = 0. Let z = -160 - s. List the prime factors of z.
5, 41
Suppose 4*g - 4*a + 28 = 0, 4*g + 16 = -5*a + 3*a. Let q = 0 + g. Let i(v) = v**3 + 6*v**2 + 2*v. List the prime factors of i(q).
3, 5
Suppose -6*k = -2*k + 3*d - 635, 3*k - 3*d - 450 = 0. What are the prime factors of k + 1 - (-6)/(-9)*-3?
2, 79
Let s(f) = 12*f**2 + 19*f + 42. What are the prime factors of s(-15)?
3, 7, 13
Let r(l) = 4*l**2 - 11*l - 2. List the prime factors of r(-11).
3, 67
Let g(m) = 2*m**2 - 1 + 2 + 3*m + 1. List the prime factors of g(5).
67
Let h(b) = -2*b**2 + 50*b + 39. What are the prime factors of h(23)?
131
Let v = 3 - 3. Suppose -4*g - u + 0*u + 25 = v, 3*u = 3. List the prime factors of g.
2, 3
Let h be 3 - (-2 - -1) - 2. Suppose -4 = -5*v - 5*i + 6, h*v - 6 = -3*i. Suppose 4*z + 123 = 5*l, 0*z + 5*z - 15 = v. What are the prime factors of l?
3
Let x = -639 - -929. Suppose 0 = i + z + 74, 0 = -5*i + 3*z - 80 - x. Let v = i - -105. What are the prime factors of v?
31
Let l = -57 + 55. What are the prime factors of 3 - (8/l - 71)?
2, 3, 13
Suppose -3*w = -9 - 6. Suppose -w*h + 8*h - 252 = 0. List the prime factors of h.
2, 3, 7
Let a(c) = c**2 - 7*c - 6. Let l be a(8). Suppose -6*o + l*o + 112 = 0. Suppose 3*k = -3*w - w + o, -k - 4*w = -20. List the prime factors of k.
2
Let p = 10 - 10. Let d be 4 - (-2)/(-6)*p. Let l = d - -10. List the prime factors of l.
2, 7
List the prime factors of -2 + (404/2 - 5 - -1).
2, 7
Let f(q) = q - 10. Let i = 26 - 14. Let d be f(i). What are the prime factors of (d/4)/(5/40)?
2
Let m = 158 - 8. List the prime factors of m.
2, 3, 5
Let l = -10 - -13. Suppose 3*h + 945 = 5*k, -379 = -l*k + k + h. Suppose 6*y + k = 9*y. What are the prime factors of y?
2
Suppose l + 81*k = 86*k + 2158, -2*l = -4*k - 4328. List the prime factors of l.
2, 271
Let i be 1*-2*44/(-8). What are the prime factors of (10 - i)*(-55 + -1)?
2, 7
Let y(l) be the third derivative of -13*l**4/24 - l**3/6 - 25*l**2. What are the prime factors of y(-8)?
103
Let y = -175 - -120. Let o = -43 - y. List the prime factors of o.
2, 3
Let x = 470 - 995. Let a = -306 - x. List the prime factors of a.
3, 73
Suppose -10 = 5*v + 25. Let a(n) = n**3 + 7*n**2 - 15*n + 5. List the prime factors of a(v).
2, 5, 11
Let x(i) = i**3 - 7*i**2 - 2*i + 8. List the prime factors of x(9).
2, 19
Suppose 2*u + 2470 = 7*u - 5*b, -5*b - 1490 = -3*u. What are the prime factors of u?
2, 5, 7
Let v be 0 + 3 + 6/(-2). Suppose v = -5*g - 11 + 286. Suppose -4*i + g = i. What are the prime factors of i?
11
Let s = 483 + -120. List the prime factors of s.
3, 11
Let r(q) = -q + 15. Let x be r(10). Let c(y) = -y**3 + 6*y**2 - 4*y + 6. Let n be c(x). Suppose n = 6*s - 5*s. What are the prime factors of s?
11
Let x = -20 - -15. Let g(h) = h**3 + 7*h**2 - 4. What are the prime factors of g(x)?
2, 23
Suppose 382 = 8*w + 30. Suppose w - 20 = 4*q. List the prime factors of q.
2, 3
Let h = 3 + 4. Let g(a) = -54 + 109 + 2*a - 56. List the prime factors of g(h).
13
List the prime